or of 2442481 and 10207819?
9731
Calculate the highest common factor of 66 and 1465746.
6
What is the greatest common divisor of 69372759 and 303?
303
What is the highest common factor of 627 and 11185053?
627
What is the highest common divisor of 77362 and 5546?
94
Calculate the greatest common factor of 20 and 11781700.
20
What is the greatest common divisor of 9552 and 143372336?
3184
What is the greatest common factor of 297 and 2904099?
33
Calculate the greatest common divisor of 418 and 87428.
22
Calculate the greatest common factor of 11645051 and 99.
11
Calculate the highest common divisor of 428491 and 266.
7
What is the greatest common factor of 74889454 and 476?
34
Calculate the highest common factor of 180 and 49820652.
36
What is the greatest common factor of 2060558 and 2822?
166
Calculate the greatest common divisor of 223260 and 360510.
1830
Calculate the highest common factor of 14373501 and 222.
111
Calculate the greatest common divisor of 24640 and 669152.
352
What is the highest common divisor of 550 and 4822862?
22
Calculate the greatest common factor of 94905988 and 452.
452
Calculate the greatest common divisor of 630007 and 434.
7
What is the highest common factor of 68388 and 49040868?
1668
Calculate the highest common divisor of 3968 and 6671200.
992
What is the highest common divisor of 75 and 658687935?
15
Calculate the highest common divisor of 896595 and 41853.
21
Calculate the greatest common factor of 845242209 and 882.
441
Calculate the greatest common factor of 275 and 62554475.
25
Calculate the highest common factor of 1099335 and 261450.
1245
What is the greatest common factor of 1030 and 312563285?
515
Calculate the greatest common divisor of 90009 and 2980161.
1233
Calculate the greatest common factor of 338923 and 22997.
377
What is the greatest common factor of 837 and 25175907?
27
Calculate the highest common factor of 156 and 6809972.
52
What is the greatest common factor of 8608815 and 731?
43
What is the highest common factor of 182636354 and 664?
166
Calculate the highest common divisor of 92085 and 1820490.
105
What is the highest common divisor of 102928 and 251776?
112
Calculate the highest common divisor of 37 and 357359.
1
What is the highest common factor of 10318 and 8428332?
1474
Calculate the highest common factor of 615 and 113655.
15
Calculate the greatest common divisor of 62490 and 15990.
30
What is the highest common factor of 580251 and 21231?
21
What is the highest common factor of 273 and 14675661?
273
What is the greatest common factor of 202176 and 49734?
162
What is the greatest common factor of 36921098 and 1747?
1747
What is the greatest common factor of 268 and 9426163?
67
What is the highest common factor of 56 and 2287579?
7
What is the greatest common factor of 63812 and 13152109?
2279
What is the highest common factor of 11936 and 92?
4
What is the greatest common factor of 40948 and 24766?
58
Calculate the greatest common factor of 1184 and 13121696.
32
Calculate the greatest common divisor of 615227 and 678029.
1163
What is the greatest common factor of 8298665 and 5555?
505
What is the greatest common divisor of 12314468 and 3032?
1516
What is the greatest common factor of 27200 and 53922368?
1088
Calculate the greatest common factor of 3705 and 182995020.
195
Calculate the greatest common divisor of 120343 and 12121.
17
Calculate the greatest common divisor of 16461 and 13183029.
279
What is the greatest common factor of 1144 and 383735924?
572
Calculate the greatest common factor of 398350 and 1.
1
Calculate the greatest common factor of 78378 and 1338.
6
Calculate the greatest common factor of 150 and 32833470.
30
What is the highest common divisor of 6998593 and 114?
19
Calculate the greatest common divisor of 98 and 112854504.
14
Calculate the highest common factor of 22718 and 1484038.
614
Calculate the highest common factor of 971815 and 12545.
65
Calculate the greatest common factor of 188029262 and 7202.
554
What is the highest common factor of 2832 and 2058982?
118
What is the highest common factor of 87283394 and 77?
11
Calculate the highest common divisor of 58334 and 46134.
2
What is the highest common divisor of 84188 and 21053476?
6476
What is the highest common divisor of 72 and 179357832?
72
What is the greatest common divisor of 1335307 and 88224?
919
Calculate the greatest common factor of 126 and 2596878.
18
What is the highest common divisor of 8718127 and 8602?
4301
Calculate the greatest common divisor of 325 and 23914280.
65
What is the highest common divisor of 19521 and 55912?
241
Calculate the greatest common divisor of 542190822 and 414.
138
What is the greatest common factor of 854 and 42182903?
427
What is the highest common factor of 1317302 and 4186?
322
What is the greatest common divisor of 3 and 1464461?
1
Calculate the highest common divisor of 42 and 244595043.
21
Calculate the highest common factor of 596 and 85300414.
298
Calculate the highest common divisor of 52015806 and 228.
114
What is the greatest common factor of 4 and 266604?
4
What is the greatest common factor of 19067 and 28060?
23
What is the greatest common divisor of 243 and 41646?
3
Calculate the greatest common divisor of 2770 and 390137326.
554
What is the highest common divisor of 7565952 and 459?
51
Calculate the highest common divisor of 194 and 182340794.
194
What is the highest common factor of 936 and 17263896?
312
What is the highest common factor of 416 and 2582304?
32
What is the greatest common factor of 1392874 and 109312?
854
What is the highest common factor of 470 and 25117270?
470
What is the greatest common factor of 396729 and 363681?
153
Calculate the greatest common factor of 11371 and 446483.
137
Calculate the greatest common divisor of 264 and 114481884.
132
Calculate the highest common divisor of 783 and 4409334.
261
What is the greatest common divisor of 2383330 and 105?
5
Calculate the greatest common factor of 980 and 82635070.
490
Calculate the highest common factor of 129 and 9754593.
129
Calculate the highest common factor of 39 and 18811819.
13
Calculate the highest common divisor of 13856 and 279584.
32
What is the greatest common factor of 10906 and 57114?
38
What is the greatest common factor of 174044626 and 14?
14
Calculate the greatest common factor of 81795158 and 1982.
1982
What is the greatest common divisor of 915629 and 20273?
209
Calculate the highest common divisor of 239152998 and 42.
42
What is the greatest common divisor of 12 and 163116708?
12
Calculate the greatest common factor of 78770940 and 108.
12
Calculate the greatest common factor of 15985 and 54211.
23
What is the greatest common divisor of 168 and 3518472?
24
Calculate the greatest common factor of 83113680 and 1200.
240
Calculate the highest common divisor of 10 and 9515365.
5
What is the greatest common divisor of 1248 and 97994?
26
What is the highest common divisor of 201 and 113179281?
201
What is the highest common factor of 40 and 240766?
2
What is the highest common divisor of 561 and 176670846?
33
Calculate the highest common divisor of 1794 and 2244593.
299
What is the greatest common factor of 99 and 1715022?
9
Calculate the greatest common divisor of 44295727 and 357.
119
What is the highest common divisor of 38 and 1051285637?
19
Calculate the highest common factor of 2388 and 285326200.
796
What is the highest common factor of 232694 and 11242?
154
Calculate the greatest common factor of 982755 and 43515.
45
Calculate the highest common factor of 515819160 and 1800.
360
Calculate the highest common divisor of 1722247 and 80602.
191
What is the greatest common factor of 897 and 1838643?
69
Calculate the greatest common divisor of 7336350 and 13770.
1530
Calculate the greatest common factor of 490 and 4232935.
35
What is the highest common factor of 27512 and 2185?
19
What is the highest common divisor of 79901504 and 17884?
1052
Calculate the highest common divisor of 7748 and 62946689.
1937
What is the greatest common divisor of 440771 and 899?
29
Calculate the greatest common factor of 630755571 and 3.
3
Calculate the greatest common divisor of 341327279 and 67.
67
What is the greatest common factor of 12871 and 149?
1
What is the highest 